8*w - 3*w - 30 = 5*g. List the prime factors of m(g).
2, 3, 5
Let x(z) = -36*z**3 - 7*z**2 + 7*z + 33. What are the prime factors of x(-7)?
19, 631
Let x(m) = 9*m - 9. Let i be x(0). What are the prime factors of (-3090)/i + (-2 - 5/(-3))?
7
Suppose -181*y + 2033308 = -3459318. List the prime factors of y.
2, 15173
Suppose 23 = -3*p + 4*d, 2*d + 1 = 3*p - 4*p. Let a(o) = -10*o - 5. Let x be a(p). What are the prime factors of (x/(-20))/((-6)/128)?
2, 3
Suppose o + k = -3*k + 25926, k + 103636 = 4*o. List the prime factors of o.
2, 5, 2591
Let z = -32045 - -45882. What are the prime factors of z?
101, 137
Suppose 0*o - 17*o + 799 = 0. Suppose -4*d + 46 = -2*q, 3*q + 43 + 15 = 5*d. Suppose d + o = t. List the prime factors of t.
2, 29
Let t(u) = 26*u**2 + 6*u - 16. Let y be t(3). Suppose -2*x = -2*n + 7*n - y, -10 = 5*x. List the prime factors of n.
2, 3
Suppose 7*n = 9*n + 90. List the prime factors of (-25779)/n + (-20)/(-150).
3, 191
Suppose -6*t = -3*t + 24. Let l = -3 - t. Suppose -u = -2, 37 = -2*m + l*u + 275. What are the prime factors of m?
2, 31
Let h = -980 - -3853. Let g = h + -1345. What are the prime factors of g?
2, 191
Let c(r) be the third derivative of -r**4/24 + 5*r**3/3 - 86*r**2 + 2*r. Let y = 2 - 2. List the prime factors of c(y).
2, 5
Suppose 5*o = 0, 15*j - o - 65148 = -13*j + 24*j. What are the prime factors of j?
3, 61, 89
Let v be (1 - 1*(-1)/(-1)) + 6. Let b be (-4 + 75/12)*(-16)/v. Let w = 32 + b. List the prime factors of w.
2, 13
Let v be (6 + 7 + -9)*(-1461)/12. Let k = 1505 + v. What are the prime factors of k?
2, 509
Let o(i) = -11*i**2 - i + 53. Let r(b) = 2*b**2 + 2. Let q(m) = -o(m) - 5*r(m). List the prime factors of q(-18).
3
Suppose 5*o - 81927 = 3*j, -4*o + 34558 + 31004 = j. What are the prime factors of o?
3, 607
Let a be 0 + 2 + (-6)/2. Let x be (1 - 1)*(-4)/(-4 - 0). What are the prime factors of 63 - x - (a - -1)?
3, 7
Suppose 0 = 2*b + 2*z - 46322, 0 = 67*z - 65*z + 10. List the prime factors of b.
2, 3, 11, 13
Let c(x) = 2*x**3 - 13*x**2 + 21*x - 12. Let d be c(5). List the prime factors of (-1*3/(-1))/(d/6414).
1069
Let x(m) = -2*m - 1. Let o be x(-4). Let d(n) be the third derivative of n**5/15 - n**4/3 + 19*n**3/3 + 238*n**2. What are the prime factors of d(o)?
2, 89
Let r(i) = -i**3 - 22*i**2 - 22*i + 156. List the prime factors of r(-21).
3, 59
Let f(q) = q**3 - 4*q**2 + 8*q - 16. Let s be f(4). Let p(h) = -6*h - 41. Let d be p(s). Let o = 219 + d. List the prime factors of o.
2, 41
List the prime factors of 1/(1 + 0) - (-570 + 565) - -6636.
2, 3, 41
Let x(p) = -p**2 + 19*p + 3. Let q be x(19). Suppose -2104 = -4*i + q*y - 4*y, -i = y - 529. List the prime factors of i.
3, 5, 7
Suppose 7*f = 26 - 5. Let j be (12/(-28))/(f/(-21)). Suppose r = -5, -j*w + 5*r + 394 = 117. What are the prime factors of w?
2, 3, 7
Let q(r) = -r**3 + 104 + 4*r**2 - 3*r**2 - r**2 + r + r**2. Let a be q(0). Let l = a - 23. What are the prime factors of l?
3
Suppose -k = 2*l + 9121, 3*l - 8*k = -7*k - 13679. Let i = 6522 + l. What are the prime factors of i?
2, 3, 109
Let f(j) = j**3 + 15*j**2 + 53*j - 240. What are the prime factors of f(16)?
2, 3, 89
Suppose 12828*m - 12868*m = -1967000. List the prime factors of m.
5, 7, 281
Suppose -z - 28 + 4 = 0. Let i = 874 + -1156. Let u = z - i. What are the prime factors of u?
2, 3, 43
What are the prime factors of (-222)/(-259) + 54/(-14) - 25648/(-2)?
12821
Suppose -2*u - 2*c + 6 = 0, -3*u + 2*c + 0*c + 34 = 0. Suppose u*b = 10*b - 2246. What are the prime factors of b?
1123
List the prime factors of (((-1536)/(-30))/16)/(3/17310*1).
2, 577
Let j = -120 + 114. Let k be (2 + -1)/(j/30). Let u(p) = -p**3 + 4*p**2 - 5*p - 15. List the prime factors of u(k).
5, 47
Let q = -154 + 153. What are the prime factors of (491 + q)*6*(-4)/(-60)?
2, 7
Suppose 0 = 2*b + 8, 4*b + 48 = -0*j + 4*j. Let s(p) = -14 - 9*p**2 + 10*p**2 - 23 - j*p. What are the prime factors of s(16)?
7, 13
Suppose -f - 6 = -2*f. Let q = f + -23. Let u(j) = j**2 + 14*j + 22. What are the prime factors of u(q)?
73
Let z(r) = r**3 - 9*r**2 + 15*r + 3. Let x be z(7). Suppose -9*j = -x*j - 4*u + 1153, 0 = 4*j - 3*u - 4650. List the prime factors of j.
3, 43
Let z(l) = 198 + 43 + 115 - l - 92 + 134. List the prime factors of z(-31).
3, 11, 13
Let l = 0 + 3. Let z(f) = 3 + 26*f**2 + 0 - 39*f**2 + 32*f**2 - 5*f. What are the prime factors of z(l)?
3, 53
Suppose n = g - 3722, -5*n = -g - 1093 + 4823. Suppose 112*f = 107*f + g. What are the prime factors of f?
2, 3, 31
Let f(v) = -2*v + 51. Let a be f(-10). Let j be (1 + a)*7/14. List the prime factors of (24/j)/(4/318).
53
Let r be 2/5 - 32547/(-95). Suppose -4*k = -5*q + 1415, 2*q - 4*k - r = 235. What are the prime factors of q?
3, 31
Suppose -916 = 9*b - 87100. List the prime factors of b.
2, 3, 7, 19
Let o(i) be the second derivative of -i**5/20 - 19*i**4/12 + 3*i**3 + 6*i**2 + i. Let g(l) = l**2 + 14*l + 20. Let y be g(-10). List the prime factors of o(y).
2, 13
Suppose n + 816 = 13*n. Suppose -n*y = -65*y - 195. What are the prime factors of 2*(2 + -217)*(-26)/y?
2, 43
Suppose 3 = t, 5*t = 2*x - 3 + 8. Suppose 4*k + 3*c - 3076 = 0, k - 3*k = -x*c - 1564. What are the prime factors of k?
2, 193
Let x(n) = 117*n**2 - 56*n + 329. List the prime factors of x(8).
7369
Suppose 2*f = -5*v + 25727, 0 = -3*v - 2*f - 0*f + 15433. What are the prime factors of v?
5147
Let s(v) = -3*v + 39. Let l be s(14). List the prime factors of (l + (-7)/(-2))*176*1.
2, 11
Let t(q) = -q**3 + 19*q**2 - 5*q + 20. Let d be t(10). Let s be -4 + d/48 - 1/8. Suppose 25*k - 1441 = s*k. What are the prime factors of k?
131
Suppose d = 2*z - 1, 0 = 5*z + 3 + 2. Let b be 3/(6/d + 3). List the prime factors of ((-136)/(-12))/(1/b).
2, 17
Suppose -3*l = -4*s + 1260 + 626, 4*l - 2404 = -5*s. List the prime factors of s.
2, 7, 17
Suppose 15*n - 197785 = -21520. List the prime factors of n.
3, 3917
Let f(p) = 112*p**2 + 96*p + 452. List the prime factors of f(-5).
2, 3, 7, 11
Let u = -33665 + 42024. What are the prime factors of u?
13, 643
Suppose 7*f - 518 = -413. Suppose 11*q - 4*w + 1008 = f*q, -249 = -q - 2*w. What are the prime factors of q?
3, 5, 17
Suppose 5*i + 3*w - 27915 = 0, -17*w + 18*w = -4*i + 22325. What are the prime factors of i?
2, 3, 5, 31
Suppose -39 = -3*s + 282. Suppose -113*h = -s*h - 1530. What are the prime factors of h?
3, 5, 17
Suppose 2*i + 52 = -3*r, -3*i + 2*i - 4*r - 36 = 0. List the prime factors of 14/4 + (-10430)/i.
3, 5, 7
Let r(u) = -360*u**2 - 9217*u - 1. List the prime factors of r(-17).
2, 6581
List the prime factors of 525760/56 - 4*(-9)/84.
41, 229
Suppose 4*c = -5*p + 5287 + 1513, -3*c - 2*p + 5100 = 0. Suppose -11*g + g = -c. List the prime factors of g.
2, 5, 17
Suppose 76072 = -7*a + 18805. Let n be 1 + a - (-3)/(-1). List the prime factors of n/(-56) - (-2)/(-16).
2, 73
List the prime factors of 6/10 + -2804*2646/(-135).
54959
Let n = -532 - -516. List the prime factors of 11 + n - -109*4.
431
Let t(q) = -q**3 - 95*q**2 - 99*q + 1885. List the prime factors of t(-97).
2, 3, 5051
Let n(f) = 340*f**2 - 50*f + 477. List the prime factors of n(8).
3, 29, 251
Let t(w) = 7*w - 24. Let r be t(4). Suppose r*o + 6 = -2*d + 30, -3*o + 17 = d. Suppose 30 = d*a - 74. List the prime factors of a.
2, 13
Suppose 4*p + 2*y - 221 = p, -3*p + 217 = 4*y. Let v = -132 + p. Let s = v + 103. List the prime factors of s.
2, 23
Let h(f) = 2334*f**2 - 6*f - 68. List the prime factors of h(-6).
2, 10499
Let b = 283 - 435. Let u = b - -596. What are the prime factors of u?
2, 3, 37
Suppose 738*q - 700*q - 167504 = 0. List the prime factors of q.
2, 19, 29
Suppose 2*q = -0*w - 3*w + 159, w - 54 = -q. Suppose -w = 4*j - 151. Suppose -4*g - 26 = -i, -i + 2*g = -g - j. What are the prime factors of i?
2, 11
Let i = 1226 - 997. Suppose f = 4*u, -5*u - 3 = -f - f. Suppose 0 = f*v - 51 - i. List the prime factors of v.
2, 5, 7
What are the prime factors of (-15 + 19)*52/(-16)*(-2584 - -1)?
3, 7, 13, 41
Let k be ((-4)/(-4)*-1)/(1/(-2)). Suppose 2*z = 2*m - 10, k*z + 6 = 2*m + 4*z. Suppose 3*f - 5*h = m*f - 117, -2*f + 225 = h. List the prime factors of f.
2, 7
Suppose -r - 2*f - 71 + 414 = 0, 5*f = -r + 349. Let k = r - -155. List the prime factors of k.
2, 13, 19
Let f = 9965 - 4290. Lis